s the tens digit of v?
4
Let a = -18 + 31. What is the units digit of a?
3
Suppose -5*o = -6*o - 9. Let g = 16 - o. What is the units digit of g?
5
Suppose -2*c + 320 = 3*c. What is the units digit of c?
4
Suppose 3*g - 5*g - 2 = 0. Let k = g + 4. Suppose -10 = -3*m - 0*n - n, 0 = k*m - 4*n + 10. What is the units digit of m?
2
What is the hundreds digit of 31635/120 + (-3)/(-8)?
2
Suppose -6 = -5*j + 4. Suppose 0 + 24 = -j*m. What is the units digit of m/(-1) - (-3)/(-3)?
1
Suppose 1 = -j + 4*t, 5*j - 2*j = t - 47. Let k = j + 27. Suppose -k = -2*q + q. What is the units digit of q?
0
Suppose 4*b - 6 - 2 = -4*c, -32 = -4*c + 4*b. Suppose -c*q + 25 = -5*f + 4*f, -4*q - 2*f + 20 = 0. What is the units digit of q?
5
Let x be ((-2)/6)/(1/(-6)). What is the tens digit of 2*11/x - 1?
1
Let g = -142 + 246. What is the units digit of g?
4
Let n be 1*((-6 - 2) + 1). Let a be (-6 - -45)*1/(-3). Let x = n - a. What is the units digit of x?
6
What is the tens digit of (-4)/(2/(-5) + 432/1155)?
5
Let l be ((-14)/(-7))/((-2)/(-2)). What is the units digit of (6 + -5)/(-1 + l)?
1
Let v = -5 - 1. Let p = 31 + v. Suppose -4*w - w = -p. What is the units digit of w?
5
Suppose 2*h = -3*i + 668, 144 = 5*h + 5*i - 1521. What is the tens digit of h?
3
Let g(f) = -3*f - 2. What is the tens digit of g(-4)?
1
Let b(u) = 68*u + 3. What is the tens digit of b(1)?
7
Let w = 5 - 0. Let t(s) = -5*s + 6 + w*s - 3 - s. What is the units digit of t(0)?
3
Suppose 3*r - 12 = -2*k - k, 3*r - 4*k + 2 = 0. Suppose 0 = 5*a - j - 72, r*a - 3*j - 24 = -5*j. What is the tens digit of a?
1
What is the units digit of 4/(-14) - 8000/(-70)?
4
Let r be 1 + -1 + 10/1. Let m(j) = j**3 - 10*j**2 + j - 7. Let k be m(r). Suppose 5 - 29 = -k*o. What is the units digit of o?
8
Suppose -4*q + 2*l - 61 = -203, -3*l + 75 = 2*q. Let u = q - 20. What is the units digit of u?
6
Let j(p) = p**2 + 4*p + 4. Suppose 4*q - 3*b + 17 = 0, -b = -q + 4*b. What is the units digit of j(q)?
9
Suppose 40 = -5*d - 2*z - 3*z, 40 = -3*d + 5*z. Let g be 4/3*(-15)/d. Suppose -4*s + k = -12, s - g = 4*k + 1. What is the units digit of s?
3
Suppose 2*g + 2*g = -4. Let n(m) = 3*m**2 + m**3 - 1 + 8*m - 8*m. What is the units digit of n(g)?
1
Let r(y) = y + 10. Let n be r(-8). Let c be (-2 - 0)*1 - n. Let v(h) = -h**2 - 8*h - 6. What is the units digit of v(c)?
0
Let x(m) = m**3 + 5*m**2 - m - 5. Let o be x(-5). Let f = o + 2. Let k = f - 0. What is the units digit of k?
2
Suppose -2*g + 6*g - 8 = 0. Let s(l) = 3*l - 2. What is the units digit of s(g)?
4
Suppose -14 = -d - 2*s, 2*s - 21 = -4*d + s. Let r(y) = 3*y - 6. What is the units digit of r(d)?
6
Let s(c) be the second derivative of c**6/360 + c**5/60 - c**4/12 - c**3/6 - c. Let m(b) be the second derivative of s(b). What is the units digit of m(2)?
6
Let c = 421 - 94. What is the hundreds digit of c?
3
Let b(m) = -2*m**3 + 9*m**2 - 3*m - 1. Let l(a) = a**3 - 4*a**2 + a. Let q(i) = -2*b(i) - 5*l(i). What is the units digit of q(-2)?
6
Suppose 0 = 2*t - 6*t + 8. Let y(d) = 7*d**3 + d**2 - 8*d + 1. Let g(l) = 4*l**3 + l**2 - 4*l. Let k(f) = 5*g(f) - 3*y(f). What is the units digit of k(t)?
5
Let i(a) = -5*a + 1. Let t = 32 + -20. Let f = 9 - t. What is the units digit of i(f)?
6
Let j(x) = -2*x + 14 - 1 + 3*x. Let d be 0 + 3 + 1 - 14. What is the units digit of j(d)?
3
Suppose -i + 2*i - 36 = 0. What is the units digit of i?
6
Suppose -7 = h + 14. Let w = h - -14. Let v = w - -11. What is the units digit of v?
4
Let l = -57 + 86. Let c = l - 20. What is the units digit of c?
9
Let a(k) = k**3 - 10*k**2 + 18*k + 8. What is the units digit of a(8)?
4
Let q be -2 + 11*(0 + -1). Let y = 24 + q. What is the units digit of y?
1
Let c(m) = 6*m + 1. Let k be 6/4 - (-8)/16. What is the units digit of c(k)?
3
Let z be (52/(-8))/(3/6). What is the tens digit of -1 - (z + (1 - 4))?
1
Suppose 0*v + 5 = 5*v. Let s be 5/2 + v/(-2). Suppose 0 = s*u + u - 21. What is the units digit of u?
7
Suppose 2*n = -2*n + 20. Suppose -3*h - h + 64 = n*a, 0 = 5*a. What is the tens digit of h?
1
Suppose -3*p - 2*p - 25 = 0. Let r = p + 8. Suppose -r*h - 9 = -3*u + 6, 2*h + 6 = 0. What is the units digit of u?
2
Let v = -3 + -7. Let k be v/5 - (-3)/1. What is the units digit of 1 + 5 + 2 - k?
7
Suppose -z = -4*z + 132. What is the tens digit of z?
4
Suppose -2*x - 24 = 4*k + 44, -14 = k - x. What is the tens digit of k/10*(-25)/2?
2
Let i(z) = -z. Let w be i(0). Suppose -2*b = -w*b - 2*l + 8, -3*l = -5*b - 12. Suppose -3*c + 11 + 7 = b. What is the units digit of c?
6
Let u(q) = 2*q + 3. What is the tens digit of u(15)?
3
Suppose s + s = 4*j - 126, 0 = 3*j + 2*s - 98. What is the tens digit of j?
3
Let k(q) = -q**3 - 6*q**2 - 2*q + 1. Let u be k(-5). Let y(p) = -3*p - 18. What is the units digit of y(u)?
4
Let h be (-28)/(-10)*10/(-2). What is the units digit of (12/h)/(6/(-42))?
6
Let j(a) = -a**2 - 9*a + 13. Let x be j(-10). What is the units digit of 2 + x + (-10)/(-2)?
0
Let a(n) = 4*n + 9. Let t be a(-6). Let u = t + 24. What is the units digit of (-2)/(6/u)*-1?
3
Suppose -4*l + 5*q = -20, -l = -6*l + 4*q + 16. Let o(h) = h + 12. Let y be o(l). Suppose 44 = 4*m + y. What is the units digit of m?
8
Suppose -222 = 15*j - 18*j. What is the tens digit of j?
7
Let a be -1 - (1 + -1 + -3). Suppose -3*c + a = -13. Suppose -c*k + 33 + 37 = 0. What is the units digit of k?
4
Let h(g) = -28*g + 9. What is the tens digit of h(-4)?
2
Let h = 32 - -15. What is the units digit of h?
7
Let t = -213 - -303. What is the tens digit of t?
9
Suppose -101 = -5*f + 2*j, -61 = -4*f - 4*j - j. What is the tens digit of f?
1
Suppose 0 = -2*s + 3*s + 5, -75 = -j + 4*s. What is the units digit of j?
5
Let m = -9 - -66. What is the units digit of m?
7
Let a(m) = 74*m**2 - 10*m + 1. What is the hundreds digit of a(2)?
2
What is the tens digit of (0 - 4 - -6)/(4/22)?
1
Let x be (-4)/3*(2 + -5). Suppose x*s = 4*o + 48, 0 = 2*s + 2*o - 0*o - 44. What is the tens digit of s?
1
Let b(v) = -7*v + 4. Let u be b(-7). Suppose 3 = 4*j - u. What is the units digit of j?
4
Suppose x - 6*d + 3*d = 14, -5*d - 20 = 0. Let g be x - (-3 + 4 + 0). What is the units digit of (-5*(-4 - -3))/g?
5
Let r(g) be the first derivative of g**3/3 - 4*g + 2. Let d be r(-4). What is the units digit of (-2 - 1)/((-4)/d)?
9
Suppose 71 = 4*a - 1. Let y = 32 - a. What is the units digit of y?
4
Let h be (-3)/(-2)*(-8)/(-6). Let s(m) = 2*m**2 + m**2 - 2*m**2 + 2 - h*m. What is the units digit of s(2)?
2
Suppose -160 = -5*w + 80. Suppose 5*j - c = 48, -j - 4*c + w = 3*j. What is the units digit of -1 - (-5)/(j/16)?
7
Let q = -59 + 35. Let l be 0 - 5/((-10)/q). What is the units digit of ((-2)/(-3))/((-8)/l)?
1
Suppose d + 5 = 17. Suppose d = 6*g - 2*g. Suppose -5*f - 3*i + g + 19 = 0, 6 = f - i. What is the units digit of f?
5
Suppose 99*s - 96*s = 276. What is the units digit of s?
2
Suppose 8*m = 11*m - 126. What is the units digit of m?
2
What is the tens digit of (46 - -2) + -1 - 0?
4
Let q(x) be the second derivative of 0 - 1/3*x**3 + x + 3/2*x**2. What is the tens digit of q(-4)?
1
Suppose 178 = 8*b - 4*b - z, 0 = 3*b - 4*z - 127. What is the tens digit of b?
4
Suppose 4*a - 60 = -0*a. What is the units digit of a?
5
Let u(k) = -3*k**2 + 1. Let a be u(1). Let i(v) be the second derivative of -3*v**3/2 - 3*v**2/2 + 2*v. What is the tens digit of i(a)?
1
Let s(x) = 61*x**2 - 4*x + 26. Let c(w) = -12*w**2 + w - 5. Let l(p) = -11*c(p) - 2*s(p). What is the tens digit of l(2)?
3
Suppose -2*y + 3*v = -y - 9, -3*v = -4*y + 18. Suppose y*m = 7*m - 48. What is the units digit of m?
2
Let w(r) = 228*r**2 - 4*r + 4. What is the hundreds digit of w(1)?
2
Let f(s) = s**2 + 3*s - 1. Let u be f(-4). Suppose -61 = -d + u*v, 5*d + 2*v - 24 - 281 = 0. What is the units digit of d?
1
Suppose s = a + 2, -3*s + s - 3*a + 19 = 0. Suppose -h + 2 = -2*q + 47, -93 = -s*q - 4*h. What is the units digit of q?
1
Let s(c) be the first derivative of -c**4/12 + 5*c**3/6 + 3*c**2 - 2*c + 1. Let o(r) be the first derivative of s(r). What is the units digit of o(5)?
6
Let a(o) = 2*o**2 + 2*o - 8. Let c(n) = -n + 2. Let v be c(6). What is the tens digit of a(v)?
1
Let s(r) = 4*r**2 - 4*r + 3. Let d be s(3). Let g = d - 17. What is the units digit of g?
0
Suppose -3*o - 27 = -5*v + 18